reatest common divisor of u and j?
18
Suppose 64 = -3*b + 4*b. Suppose 4*p = 5*k + 60, -4*k = -3*p - 2*k + 45. Suppose 3 = -3*m, -m = 2*i - 0*m - p. What is the greatest common divisor of i and b?
8
Let d = -10 - -21. Calculate the highest common divisor of d and 99.
11
Let v = -79 + 38. Let l = v - -83. Let r = 3 + 25. Calculate the greatest common factor of r and l.
14
Let r = -274 - -526. What is the greatest common factor of 36 and r?
36
Let d(p) = -p**3 - 14*p**2 + 2. Let k be d(-14). Calculate the highest common factor of 9 and k.
1
Let t(z) = 11*z**2 - z - 1. Suppose a = -2*u + 11, 3*a - 6*a + 9 = -2*u. Let v be 1/u*(2 + -8). Let q be t(v). Calculate the greatest common factor of 30 and q.
15
Let k(q) = -q**2 - 7*q. Let n be k(-3). Suppose n = -b + 4*b. Suppose -b*i = -5*i + 20. What is the highest common divisor of i and 10?
10
Let b be ((-5)/2)/((-2)/12). What is the highest common divisor of 120 and b?
15
Suppose -6*d = -d. Let q = d + 9. Let o(v) = -v**2 - 19*v + 29. Let a be o(-20). Calculate the greatest common divisor of q and a.
9
Let m = -5 - -8. Suppose m*z - 2*i - 45 = -0*i, -5*i - 2 = z. Suppose c - 86 = 4*x - 5*x, 0 = -x - 2*c + 81. Calculate the highest common divisor of x and z.
13
Let q(h) = -13*h**3 - h**2 - 8*h + 4. Let c(l) = 3*l**3 + 2*l - 1. Let n(s) = 9*c(s) + 2*q(s). Let x be n(3). What is the highest common divisor of 56 and x?
14
Let w(x) = x**3 + 10*x**2 + 5*x + 2. Let v be w(-8). Let g = 2 - -7. What is the greatest common divisor of v and g?
9
Let c be (-2 + 3)*-1*2. Let u be (9 - 6)/((-3)/c). Suppose 0 = -u*n + 2 - 0. Calculate the greatest common factor of 2 and n.
1
Let i(j) = -j**3 + j**2 + 2*j + 1. Let y be i(2). Let m be (y/2)/((-2)/(-8)). Suppose 0 = m*n - 32 - 136. What is the highest common factor of n and 12?
12
Let u(q) = 49*q**3 - 2*q**2 + 3*q - 1. Let c be u(1). What is the greatest common divisor of 7 and c?
7
Let b(z) = 17*z - 3. Let g be b(9). Suppose 0 = 3*q + v - 429, q - 2*v = -0*v + g. What is the greatest common factor of q and 18?
18
Let x(y) = y + 5. Let v be x(-5). Suppose -2*i - 2*a + 108 = v, -8*i = -3*i + a - 274. What is the greatest common factor of 22 and i?
11
Let o be (-90)/(-3)*(-8)/(-10). Let r be 4/(-6)*o*-1. Calculate the greatest common divisor of 8 and r.
8
Suppose 5*c = -4*f + 2*c - 16, -5*f - 2*c = 13. Let i = f + 9. Suppose 0 = -y + 2*y - i. Calculate the greatest common divisor of y and 24.
8
Let g be (-4)/(((-3)/3)/(-15)). Let z be g/8*24/(-10). Calculate the greatest common factor of z and 27.
9
Let y = 5 - -6. What is the highest common factor of y and 11?
11
Let l = 64 + -44. Let z(p) = 7*p**2 + 2*p - 5. Let o = 6 + -11. Let a be z(o). What is the greatest common factor of l and a?
20
Suppose f + 0*f + k = 8, -k = -4*f + 12. Suppose i - f*i = -30. Calculate the greatest common divisor of i and 2.
2
Let g(v) = -8*v**3 + 5*v**2 + 2*v - 8. Let u(n) = n**3 - n**2 + 1. Let x(o) = -g(o) - 4*u(o). Let m be x(2). Calculate the greatest common divisor of m and 4.
4
Suppose 143 = 5*u - 187. What is the highest common divisor of u and 6?
6
Let v = 12 - 15. Let a be (-1)/(v/9) + 25. What is the highest common factor of a and 4?
4
Let b = 43 + -28. Let w be (-1)/((-6)/4)*b. What is the highest common factor of w and 70?
10
Let x(s) = -s**2 + 10*s - 8. Let n be x(9). What is the highest common divisor of n and 11?
1
Suppose 5*f - 4*l + 0*l = 687, 3*f = -2*l + 399. What is the greatest common divisor of f and 15?
15
Suppose 0 = k - 3*i - 42, 0 = -3*k - i + 91 + 35. What is the highest common factor of 6 and k?
6
Let b be 15 + (-2)/(3 + -4). Suppose 0 = 2*p - 4 - 0. Suppose p*s = 38 + 132. What is the highest common factor of b and s?
17
Suppose 2*n - 5 = -17. Let a be (-8 - n)*2/(-1). Calculate the highest common factor of 1 and a.
1
Suppose -3*w + 5*h = -35, -4*w + h = -0*h - 24. Suppose 235 = 5*a - w*o, -5 = -6*o + o. Calculate the highest common factor of a and 6.
6
Let h be (19/(-6) - 8/24)*-8. Calculate the highest common factor of 70 and h.
14
Let i = 9 - -1. What is the highest common divisor of 2 and i?
2
Let i(y) = 33*y**3 - y**2 + 1. Let g be i(1). Calculate the highest common divisor of 363 and g.
33
Suppose 0 = -v - 4 - 0, 258 = 3*a + 3*v. Suppose a = 4*p - 198. Suppose -p = -4*f + f. What is the greatest common factor of 264 and f?
24
Let w be 6/10 + (-4)/(-10). Suppose 3*y - 4*y = -8. What is the highest common divisor of y and w?
1
Suppose 662 + 143 = 7*m. What is the greatest common factor of m and 23?
23
Suppose k = 5*b - 2*k - 52, 4*k = 3*b - 29. Let g(l) = 22*l + 11. Let v be g(5). What is the greatest common divisor of b and v?
11
Let b be 2 + (-2 + -1 - -1). Suppose b = -2*v - v. Suppose -4*r + v = o + 6, -r - 2 = 0. Calculate the greatest common divisor of o and 4.
2
Let t(n) be the third derivative of 7*n**5/20 + n**4/8 + n**3/3 - 4*n**2. Let k be t(-2). What is the highest common divisor of 16 and k?
16
Suppose 0 = -4*y + 18 + 2. Let k be 4 - (-4)/(-6)*3. What is the highest common divisor of y and k?
1
Let c be (0 - 1)/((-1443)/180 - -8). What is the greatest common divisor of 80 and c?
20
Suppose 0 = 6*z - 21 - 105. What is the highest common divisor of z and 210?
21
Suppose -2*l = -3*o - 9, -2*l + 4*o = 3*l - 19. Suppose -l*j + 124 = 2*g + 18, 2*j - g = 59. Calculate the greatest common factor of 160 and j.
32
Let x = 11 + -6. Suppose 2*m = -4*v + 18 + 4, x*m - v = 0. Suppose 20 = 5*t - 3*l, -4*l - 8 = -2*t - 2*l. Calculate the highest common factor of m and t.
1
Suppose -2*y = -10, -5*k - 3*y + 27 = -3*k. What is the greatest common divisor of k and 36?
6
Let k(r) = -3*r - 3. Let o be k(-5). Suppose -5*w + 21 = 736. Let f = w - -275. What is the highest common divisor of f and o?
12
Suppose 4*j = -0*j + 28. Let b(p) = 2 + j*p**2 + 3*p**3 - 3*p - 1 + 4*p - 4*p**3. Let k be b(3). Calculate the greatest common factor of 8 and k.
8
Let y be 1 - (0 + -3 + 4). Suppose m + 3 = -y, 5*m + 63 = 4*v. Calculate the highest common factor of v and 18.
6
Let h(t) = t - 5. Let p be h(6). Suppose -p = -2*x + 1. Calculate the greatest common factor of x and 11.
1
Let p(b) = b**2 + 10*b. Let y be p(-14). Calculate the greatest common divisor of y and 140.
28
Let w = 4 + -8. Let r be (8/12)/(w/(-30)). Suppose -2*c + 43 = r. What is the greatest common divisor of 133 and c?
19
Let i = 160 + -45. What is the greatest common factor of 23 and i?
23
Suppose 8*n + 80 = 696. Let g = -9 - -16. What is the greatest common divisor of g and n?
7
Suppose -i = -6*i + 5. Let j = 180 - 179. Calculate the highest common factor of i and j.
1
Let z = -21 - -31. What is the highest common divisor of z and 50?
10
Suppose 24 = 10*n - 4*n. Let c(a) = a**3 - a**2 - a + 2. Let k be c(0). Calculate the highest common divisor of k and n.
2
Let c(g) = -g**2 - 18*g - 6. Let l be c(-16). What is the highest common divisor of l and 39?
13
Let r be 12/18 - (-8)/6. Let l = 40 + 12. Suppose -l = -3*n - 4. What is the highest common factor of r and n?
2
Let b = 0 + 3. Suppose -b*p + 405 + 930 = 0. Suppose 0 = -5*h - 4*c + 444, -5*h = 2*c + 3*c - p. Calculate the greatest common factor of 11 and h.
11
Suppose 5*q + 0 = -25. Let l = 3 - q. What is the greatest common factor of 1 and l?
1
Let o(s) be the first derivative of -15*s**2/2 - 1. Let x be o(-1). Calculate the greatest common divisor of x and 6.
3
Let q = 2 + -2. Let d(m) = 1 + 0 - m + q. Let z be d(-7). Calculate the highest common divisor of 8 and z.
8
Suppose 5*q - 39 = 11. Let g be (-12)/q*(-4 + -1). Let b = g + -4. What is the highest common divisor of b and 1?
1
Let j = -11 - -15. Suppose -j*r - 2*n + 52 = 0, -n - 46 = -2*r + 3*n. Let o be (-1)/3 - (-125)/r. What is the highest common factor of o and 24?
8
Let f(n) = 36*n + 7. Let b be f(6). Let m = -158 + b. What is the greatest common divisor of m and 26?
13
Let k = 87 - 62. Let p(q) = 2*q + 17. Let l be p(4). What is the highest common factor of l and k?
25
Suppose o - 3*x - 5 - 10 = 0, 0 = o - x - 15. Let m = o - 10. What is the greatest common factor of m and 55?
5
Suppose 0 = -3*s - 5*o + 26, 34 + 4 = 3*s - o. Suppose -u + 7*m + s = 3*m, -4*u + 5*m + 59 = 0. What is the greatest common divisor of u and 24?
8
Let r be 0/(0 + -1 - 0). Suppose -71 = -h - r. Let k be h + -1 + 3 + -1. C